der when 94958 is divided by 1104.
14
What is the remainder when 533 is divided by 457?
76
What is the remainder when 556045 is divided by 93?
91
What is the remainder when 30811 is divided by 21?
4
What is the remainder when 899806 is divided by 273?
271
Calculate the remainder when 123423 is divided by 29.
28
Calculate the remainder when 103238 is divided by 89.
87
Calculate the remainder when 2398 is divided by 336.
46
Calculate the remainder when 1181 is divided by 583.
15
Calculate the remainder when 114457 is divided by 312.
265
Calculate the remainder when 1664 is divided by 167.
161
What is the remainder when 667684 is divided by 1299?
1297
What is the remainder when 2038 is divided by 420?
358
Calculate the remainder when 14555 is divided by 405.
380
Calculate the remainder when 285819 is divided by 1196.
1171
Calculate the remainder when 435596 is divided by 145178.
62
Calculate the remainder when 3910 is divided by 1242.
184
What is the remainder when 308 is divided by 127?
54
What is the remainder when 1539 is divided by 1503?
36
What is the remainder when 4150 is divided by 3473?
677
Calculate the remainder when 66619 is divided by 44.
3
Calculate the remainder when 3580 is divided by 357.
10
What is the remainder when 1380 is divided by 44?
16
What is the remainder when 247251 is divided by 14?
11
What is the remainder when 1149497 is divided by 197?
2
Calculate the remainder when 1145926 is divided by 114.
112
What is the remainder when 13941 is divided by 80?
21
What is the remainder when 9831 is divided by 1824?
711
Calculate the remainder when 1669 is divided by 14.
3
What is the remainder when 5889 is divided by 66?
15
What is the remainder when 73199 is divided by 75?
74
What is the remainder when 14458 is divided by 1205?
1203
What is the remainder when 204116 is divided by 204112?
4
What is the remainder when 813478 is divided by 913?
908
What is the remainder when 17126 is divided by 8557?
12
Calculate the remainder when 1458 is divided by 85.
13
What is the remainder when 2775 is divided by 54?
21
What is the remainder when 2655 is divided by 527?
20
What is the remainder when 8280 is divided by 52?
12
Calculate the remainder when 82762 is divided by 6.
4
What is the remainder when 39343 is divided by 3934?
3
Calculate the remainder when 68433 is divided by 7562.
375
Calculate the remainder when 939885 is divided by 538.
537
What is the remainder when 24745 is divided by 269?
266
What is the remainder when 29690 is divided by 20?
10
Calculate the remainder when 34568 is divided by 191.
188
Calculate the remainder when 1185 is divided by 164.
37
Calculate the remainder when 7105 is divided by 337.
28
What is the remainder when 152034 is divided by 80?
34
Calculate the remainder when 702514 is divided by 278.
8
Calculate the remainder when 472988 is divided by 96.
92
Calculate the remainder when 543 is divided by 197.
149
Calculate the remainder when 9440 is divided by 203.
102
What is the remainder when 68056 is divided by 370?
346
What is the remainder when 44801 is divided by 166?
147
What is the remainder when 74651 is divided by 289?
89
What is the remainder when 119840 is divided by 41?
38
What is the remainder when 20172 is divided by 104?
100
Calculate the remainder when 144394 is divided by 254.
122
Calculate the remainder when 5215 is divided by 262.
237
Calculate the remainder when 52372 is divided by 87.
85
What is the remainder when 2348 is divided by 583?
16
What is the remainder when 21711 is divided by 192?
15
Calculate the remainder when 186649 is divided by 8.
1
What is the remainder when 160428 is divided by 319?
290
Calculate the remainder when 14992 is divided by 1940.
1412
Calculate the remainder when 154053 is divided by 389.
9
What is the remainder when 4982 is divided by 867?
647
What is the remainder when 11742 is divided by 3911?
9
Calculate the remainder when 7992 is divided by 121.
6
Calculate the remainder when 23492 is divided by 983.
883
What is the remainder when 979944 is divided by 584?
576
What is the remainder when 7814 is divided by 531?
380
What is the remainder when 43639 is divided by 341?
332
What is the remainder when 613278 is divided by 52?
42
Calculate the remainder when 11699 is divided by 852.
623
What is the remainder when 8229 is divided by 1795?
1049
Calculate the remainder when 723672 is divided by 1323.
1314
What is the remainder when 71903 is divided by 314?
311
Calculate the remainder when 96309 is divided by 23974.
413
Calculate the remainder when 7376 is divided by 348.
68
What is the remainder when 58239 is divided by 17?
14
What is the remainder when 343885 is divided by 46?
35
Calculate the remainder when 22639 is divided by 1029.
1
What is the remainder when 1266416 is divided by 793?
788
Calculate the remainder when 1474 is divided by 88.
66
Calculate the remainder when 252310 is divided by 31.
1
What is the remainder when 22712 is divided by 222?
68
What is the remainder when 3849 is divided by 1898?
53
What is the remainder when 711934 is divided by 32?
30
Calculate the remainder when 80720 is divided by 124.
120
What is the remainder when 13359 is divided by 256?
47
Calculate the remainder when 7363 is divided by 2362.
277
What is the remainder when 871843 is divided by 662?
651
What is the remainder when 29479 is divided by 108?
103
Calculate the remainder when 2581 is divided by 153.
133
Calculate the remainder when 2095 is divided by 1042.
11
Calculate the remainder when 2620 is divided by 28.
16
What is the remainder when 26419 is divided by 33?
19
What is the remainder when 9499 is divided by 352?
347
Calculate the remainder when 62529 is divided by 54.
51
What is the remainder when 56919 is divided by 711?
39
Calculate the remainder when 125546 is divided by 5229.
50
What is the remainder when 27103 is divided by 753?
748
Calculate the remainder when 15033 is divided by 20.
13
Calculate the remainder when 7328 is divided by 193.
187
What is the remainder when 2339 is divided by 1168?
3
What is the remainder when 14857 is divided by 136?
33
Calculate the remainder when 65960 is divided by 21932.
164
Calculate the remainder when 132880 is divided by 485.
475
What is the remainder when 64270 is divided by 309?
307
Calculate the remainder when 65119 is divided by 32310.
499
What is the remainder when 81167 is divided by 10133?
103
Calculate the remainder when 1107 is divided by 316.
159
What is the remainder when 8549 is divided by 8364?
185
What is the remainder when 20355 is divided by 33?
27
Calculate the remainder when 10492 is divided by 22.
20
What is the remainder when 22385 is divided by 4?
1
Calculate the remainder when 217846 is divided by 1831.
1788
Calculate the remainder when 9395 is divided by 200.
195
What is the remainder when 2707 is divided by 146?
79
Calculate the remainder when 4114 is divided by 651.
208
What is the remainder when 295178 is divided by 713?
709
Calculate the remainder when 35664 is divided by 139.
80
What is the remainder when 26897 is divided by 2976?
113
What is the remainder when 26010 is divided by 8326?
1032
Calculate the remainder when 7685 is divided by 7533.
152
What is the remainder when 8941 is divided by 1532?
1281
What is the remainder when 7118 is divided by 75?
68
What is the remainder when 89853 is divided by 29944?
21
Calculate the remainder when 5292 is divided by 405.
27
What is the remainder when 262007 is divided by 43667?
5
Calculate the remainder when 802 is divided by 266.
4
What is the remainder when 2332 is divided by 256?
28
What is the remainder when 928 is divided by 383?
162
What is the remainder when 77687 is divided by 104?
103
Calculate the remainder when 1422 is divided by 318.
150
What is the remainder when 715628 is divided by 837?
830
Calculate the remainder when 9647 is divided by 50.
47
What is the remainder when 91234 is divided by 120?
34
Calculate the remainder when 27869 is divided by 27861.
8
What is the remainder when 190627 is divided by 95275?
77
What is the remainder when 105645 is divided by 39?
33
What is the remainder when 25879 is divided by 835?
829
Calculate the remainder when 565 is divided by 539.
26
What is the remainder when 333906 is divided by 27?
24
What i